{"id":1095,"date":"2026-04-10T20:07:12","date_gmt":"2026-04-10T23:07:12","guid":{"rendered":"https:\/\/machservicos.com.br\/?page_id=1095"},"modified":"2026-04-10T20:16:32","modified_gmt":"2026-04-10T23:16:32","slug":"acesso-remoto","status":"publish","type":"page","link":"https:\/\/machservicos.com.br\/?page_id=1095","title":{"rendered":"Acesso Remoto"},"content":{"rendered":"\n<h4 class=\"wp-block-heading\"><strong>Suporte Remoto Mach Tecnologia<\/strong><\/h4>\n\n\n\n<p>Precisa de ajuda r\u00e1pida e segura?<\/p>\n\n\n\n<p>Nosso suporte remoto permite que um t\u00e9cnico da Mach Tecnologia acesse seu computador \u00e0 dist\u00e2ncia para diagnosticar e resolver problemas em tempo real, sem a necessidade de deslocamento.<\/p>\n\n\n\n<p>O atendimento \u00e9 simples, seguro e acompanhado por voc\u00ea durante todo o processo. Voc\u00ea autoriza o acesso e pode encerrar a sess\u00e3o a qualquer momento.<\/p>\n\n\n\n<p>Clique no bot\u00e3o abaixo para baixar o aplicativo de suporte remoto personalizado e iniciar o atendimento.<\/p>\n\n\n\n<div class=\"wp-block-buttons is-content-justification-center is-layout-flex wp-container-core-buttons-is-layout-16018d1d wp-block-buttons-is-layout-flex\">\n<div class=\"wp-block-button\"><a class=\"wp-block-button__link has-background wp-element-button\" href=\"https:\/\/get.teamviewer.com\/6ayhc2e\" style=\"border-top-left-radius:20px;border-top-right-radius:20px;border-bottom-left-radius:20px;border-bottom-right-radius:20px;background:linear-gradient(135deg,rgb(11,155,238) 0%,rgb(155,81,224) 100%);padding-top:var(--wp--preset--spacing--60);padding-right:var(--wp--preset--spacing--80);padding-bottom:var(--wp--preset--spacing--60);padding-left:var(--wp--preset--spacing--80)\">Quick Support<\/a><\/div>\n<\/div>\n","protected":false},"excerpt":{"rendered":"<p>Suporte Remoto Mach Tecnologia Precisa de ajuda r\u00e1pida e segura? Nosso suporte remoto permite que um t\u00e9cnico da&hellip;<\/p>\n","protected":false},"author":1,"featured_media":1101,"parent":0,"menu_order":0,"comment_status":"closed","ping_status":"closed","template":"","meta":{"footnotes":""},"class_list":["post-1095","page","type-page","status-publish","has-post-thumbnail","hentry"],"yoast_head":"<!-- This site is optimized with the Yoast SEO plugin v27.1.1 - https:\/\/yoast.com\/product\/yoast-seo-wordpress\/ -->\n<title>Acesso Remoto - MACH TECNOLOGIA<\/title>\n<meta name=\"robots\" content=\"index, follow, max-snippet:-1, max-image-preview:large, max-video-preview:-1\" \/>\n<link rel=\"canonical\" href=\"https:\/\/machservicos.com.br\/?page_id=1095\" \/>\n<meta property=\"og:locale\" content=\"pt_BR\" \/>\n<meta property=\"og:type\" content=\"article\" \/>\n<meta property=\"og:title\" content=\"Acesso Remoto - MACH TECNOLOGIA\" \/>\n<meta property=\"og:description\" content=\"Suporte Remoto Mach Tecnologia Precisa de ajuda r\u00e1pida e segura? Nosso suporte remoto permite que um t\u00e9cnico da&hellip;\" \/>\n<meta property=\"og:url\" content=\"https:\/\/machservicos.com.br\/?page_id=1095\" \/>\n<meta property=\"og:site_name\" content=\"MACH TECNOLOGIA\" \/>\n<meta property=\"article:modified_time\" content=\"2026-04-10T23:16:32+00:00\" \/>\n<meta property=\"og:image\" content=\"https:\/\/machservicos.com.br\/wp-content\/uploads\/2026\/04\/mach-tecnologia-69d983a76a514.png\" \/>\n\t<meta property=\"og:image:width\" content=\"1024\" \/>\n\t<meta property=\"og:image:height\" content=\"1024\" \/>\n\t<meta property=\"og:image:type\" content=\"image\/png\" \/>\n<meta name=\"twitter:card\" content=\"summary_large_image\" \/>\n<meta name=\"twitter:label1\" content=\"Est. tempo de leitura\" \/>\n\t<meta name=\"twitter:data1\" content=\"1 minuto\" \/>\n<script type=\"application\/ld+json\" class=\"yoast-schema-graph\">{\"@context\":\"https:\/\/schema.org\",\"@graph\":[{\"@type\":\"WebPage\",\"@id\":\"https:\/\/machservicos.com.br\/?page_id=1095\",\"url\":\"https:\/\/machservicos.com.br\/?page_id=1095\",\"name\":\"Acesso Remoto - MACH TECNOLOGIA\",\"isPartOf\":{\"@id\":\"https:\/\/machservicos.com.br\/#website\"},\"primaryImageOfPage\":{\"@id\":\"https:\/\/machservicos.com.br\/?page_id=1095#primaryimage\"},\"image\":{\"@id\":\"https:\/\/machservicos.com.br\/?page_id=1095#primaryimage\"},\"thumbnailUrl\":\"https:\/\/machservicos.com.br\/wp-content\/uploads\/2026\/04\/mach-tecnologia-69d983a76a514.png\",\"datePublished\":\"2026-04-10T23:07:12+00:00\",\"dateModified\":\"2026-04-10T23:16:32+00:00\",\"breadcrumb\":{\"@id\":\"https:\/\/machservicos.com.br\/?page_id=1095#breadcrumb\"},\"inLanguage\":\"pt-BR\",\"potentialAction\":[{\"@type\":\"ReadAction\",\"target\":[\"https:\/\/machservicos.com.br\/?page_id=1095\"]}]},{\"@type\":\"ImageObject\",\"inLanguage\":\"pt-BR\",\"@id\":\"https:\/\/machservicos.com.br\/?page_id=1095#primaryimage\",\"url\":\"https:\/\/machservicos.com.br\/wp-content\/uploads\/2026\/04\/mach-tecnologia-69d983a76a514.png\",\"contentUrl\":\"https:\/\/machservicos.com.br\/wp-content\/uploads\/2026\/04\/mach-tecnologia-69d983a76a514.png\",\"width\":1024,\"height\":1024,\"caption\":\"A technician assists a customer remotely via video call on dual monitors.\"},{\"@type\":\"BreadcrumbList\",\"@id\":\"https:\/\/machservicos.com.br\/?page_id=1095#breadcrumb\",\"itemListElement\":[{\"@type\":\"ListItem\",\"position\":1,\"name\":\"In\u00edcio\",\"item\":\"https:\/\/machservicos.com.br\/\"},{\"@type\":\"ListItem\",\"position\":2,\"name\":\"Acesso Remoto\"}]},{\"@type\":\"WebSite\",\"@id\":\"https:\/\/machservicos.com.br\/#website\",\"url\":\"https:\/\/machservicos.com.br\/\",\"name\":\"MACH TECNOLOGIA\",\"description\":\"Automa\u00e7\u00e3o residencial e seguran\u00e7a eletr\u00f4nica\",\"publisher\":{\"@id\":\"https:\/\/machservicos.com.br\/#organization\"},\"potentialAction\":[{\"@type\":\"SearchAction\",\"target\":{\"@type\":\"EntryPoint\",\"urlTemplate\":\"https:\/\/machservicos.com.br\/?s={search_term_string}\"},\"query-input\":{\"@type\":\"PropertyValueSpecification\",\"valueRequired\":true,\"valueName\":\"search_term_string\"}}],\"inLanguage\":\"pt-BR\"},{\"@type\":\"Organization\",\"@id\":\"https:\/\/machservicos.com.br\/#organization\",\"name\":\"MACH TECNOLOGIA\",\"url\":\"https:\/\/machservicos.com.br\/\",\"logo\":{\"@type\":\"ImageObject\",\"inLanguage\":\"pt-BR\",\"@id\":\"https:\/\/machservicos.com.br\/#\/schema\/logo\/image\/\",\"url\":\"https:\/\/machservicos.com.br\/wp-content\/uploads\/2026\/01\/cropped-M-A-C-H-1.png\",\"contentUrl\":\"https:\/\/machservicos.com.br\/wp-content\/uploads\/2026\/01\/cropped-M-A-C-H-1.png\",\"width\":380,\"height\":76,\"caption\":\"MACH TECNOLOGIA\"},\"image\":{\"@id\":\"https:\/\/machservicos.com.br\/#\/schema\/logo\/image\/\"}}]}<\/script>\n<!-- \/ Yoast SEO plugin. -->","yoast_head_json":{"title":"Acesso Remoto - MACH TECNOLOGIA","robots":{"index":"index","follow":"follow","max-snippet":"max-snippet:-1","max-image-preview":"max-image-preview:large","max-video-preview":"max-video-preview:-1"},"canonical":"https:\/\/machservicos.com.br\/?page_id=1095","og_locale":"pt_BR","og_type":"article","og_title":"Acesso Remoto - MACH TECNOLOGIA","og_description":"Suporte Remoto Mach Tecnologia Precisa de ajuda r\u00e1pida e segura? Nosso suporte remoto permite que um t\u00e9cnico da&hellip;","og_url":"https:\/\/machservicos.com.br\/?page_id=1095","og_site_name":"MACH TECNOLOGIA","article_modified_time":"2026-04-10T23:16:32+00:00","og_image":[{"width":1024,"height":1024,"url":"https:\/\/machservicos.com.br\/wp-content\/uploads\/2026\/04\/mach-tecnologia-69d983a76a514.png","type":"image\/png"}],"twitter_card":"summary_large_image","twitter_misc":{"Est. tempo de leitura":"1 minuto"},"schema":{"@context":"https:\/\/schema.org","@graph":[{"@type":"WebPage","@id":"https:\/\/machservicos.com.br\/?page_id=1095","url":"https:\/\/machservicos.com.br\/?page_id=1095","name":"Acesso Remoto - MACH TECNOLOGIA","isPartOf":{"@id":"https:\/\/machservicos.com.br\/#website"},"primaryImageOfPage":{"@id":"https:\/\/machservicos.com.br\/?page_id=1095#primaryimage"},"image":{"@id":"https:\/\/machservicos.com.br\/?page_id=1095#primaryimage"},"thumbnailUrl":"https:\/\/machservicos.com.br\/wp-content\/uploads\/2026\/04\/mach-tecnologia-69d983a76a514.png","datePublished":"2026-04-10T23:07:12+00:00","dateModified":"2026-04-10T23:16:32+00:00","breadcrumb":{"@id":"https:\/\/machservicos.com.br\/?page_id=1095#breadcrumb"},"inLanguage":"pt-BR","potentialAction":[{"@type":"ReadAction","target":["https:\/\/machservicos.com.br\/?page_id=1095"]}]},{"@type":"ImageObject","inLanguage":"pt-BR","@id":"https:\/\/machservicos.com.br\/?page_id=1095#primaryimage","url":"https:\/\/machservicos.com.br\/wp-content\/uploads\/2026\/04\/mach-tecnologia-69d983a76a514.png","contentUrl":"https:\/\/machservicos.com.br\/wp-content\/uploads\/2026\/04\/mach-tecnologia-69d983a76a514.png","width":1024,"height":1024,"caption":"A technician assists a customer remotely via video call on dual monitors."},{"@type":"BreadcrumbList","@id":"https:\/\/machservicos.com.br\/?page_id=1095#breadcrumb","itemListElement":[{"@type":"ListItem","position":1,"name":"In\u00edcio","item":"https:\/\/machservicos.com.br\/"},{"@type":"ListItem","position":2,"name":"Acesso Remoto"}]},{"@type":"WebSite","@id":"https:\/\/machservicos.com.br\/#website","url":"https:\/\/machservicos.com.br\/","name":"MACH TECNOLOGIA","description":"Automa\u00e7\u00e3o residencial e seguran\u00e7a eletr\u00f4nica","publisher":{"@id":"https:\/\/machservicos.com.br\/#organization"},"potentialAction":[{"@type":"SearchAction","target":{"@type":"EntryPoint","urlTemplate":"https:\/\/machservicos.com.br\/?s={search_term_string}"},"query-input":{"@type":"PropertyValueSpecification","valueRequired":true,"valueName":"search_term_string"}}],"inLanguage":"pt-BR"},{"@type":"Organization","@id":"https:\/\/machservicos.com.br\/#organization","name":"MACH TECNOLOGIA","url":"https:\/\/machservicos.com.br\/","logo":{"@type":"ImageObject","inLanguage":"pt-BR","@id":"https:\/\/machservicos.com.br\/#\/schema\/logo\/image\/","url":"https:\/\/machservicos.com.br\/wp-content\/uploads\/2026\/01\/cropped-M-A-C-H-1.png","contentUrl":"https:\/\/machservicos.com.br\/wp-content\/uploads\/2026\/01\/cropped-M-A-C-H-1.png","width":380,"height":76,"caption":"MACH TECNOLOGIA"},"image":{"@id":"https:\/\/machservicos.com.br\/#\/schema\/logo\/image\/"}}]}},"jetpack_sharing_enabled":true,"_links":{"self":[{"href":"https:\/\/machservicos.com.br\/index.php?rest_route=\/wp\/v2\/pages\/1095","targetHints":{"allow":["GET"]}}],"collection":[{"href":"https:\/\/machservicos.com.br\/index.php?rest_route=\/wp\/v2\/pages"}],"about":[{"href":"https:\/\/machservicos.com.br\/index.php?rest_route=\/wp\/v2\/types\/page"}],"author":[{"embeddable":true,"href":"https:\/\/machservicos.com.br\/index.php?rest_route=\/wp\/v2\/users\/1"}],"replies":[{"embeddable":true,"href":"https:\/\/machservicos.com.br\/index.php?rest_route=%2Fwp%2Fv2%2Fcomments&post=1095"}],"version-history":[{"count":2,"href":"https:\/\/machservicos.com.br\/index.php?rest_route=\/wp\/v2\/pages\/1095\/revisions"}],"predecessor-version":[{"id":1100,"href":"https:\/\/machservicos.com.br\/index.php?rest_route=\/wp\/v2\/pages\/1095\/revisions\/1100"}],"wp:featuredmedia":[{"embeddable":true,"href":"https:\/\/machservicos.com.br\/index.php?rest_route=\/wp\/v2\/media\/1101"}],"wp:attachment":[{"href":"https:\/\/machservicos.com.br\/index.php?rest_route=%2Fwp%2Fv2%2Fmedia&parent=1095"}],"curies":[{"name":"wp","href":"https:\/\/api.w.org\/{rel}","templated":true}]}}